{"id":203,"date":"2025-07-24T13:22:06","date_gmt":"2025-07-24T11:22:06","guid":{"rendered":"https:\/\/blasondenaissance.fr\/blog\/?page_id=203"},"modified":"2026-03-04T19:55:05","modified_gmt":"2026-03-04T18:55:05","slug":"mybanner","status":"publish","type":"page","link":"https:\/\/blasondenaissance.fr\/blog\/mybanner\/","title":{"rendered":"MyBanner"},"content":{"rendered":"\n<div class=\"wp-block-group is-content-justification-center is-layout-flex wp-container-core-group-is-layout-b02886af wp-block-group-is-layout-flex\">\n<div class=\"wp-block-group is-nowrap is-layout-flex wp-container-core-group-is-layout-6c531013 wp-block-group-is-layout-flex\">\n<p><strong>Entrer une date<\/strong><\/p>\n\n\n\n<form id=\"bdateForm\" action=\"\/mybanner\/mybanner.php\" method=\"GET\">\n<input type=\"date\" id=\"birthdate\" name=\"birthdate\" ><\/form>\n<\/div>\n\n\n\n<div onclick=\"document.getElementById('bdateForm').submit();\" class=\"wp-block-button\"><a class=\"wp-block-button__link wp-element-button\" style=\"white-space:nowrap;\">Calculer la Banni\u00e8re de Naissance<\/a> <\/div>\n<\/div>\n\n\n\n<hr class=\"wp-block-separator has-alpha-channel-opacity\"\/>\n\n\n\n<p>MyBanner est l&rsquo;outil de calcul de la Banni\u00e8re de Naissance, une carte de votre ciel de naissance compos\u00e9e de 13 r\u00e9sidences, R1 \u00e0 R13. Chaque r\u00e9sidence est occup\u00e9e par un arcane majeur du Tarot de Marseille, d\u00e9termin\u00e9 par calcul. La r\u00e9sidence R8 (&nbsp;Com\u00e8te&nbsp;) est occup\u00e9e selon des p\u00e9riodes d\u00e9termin\u00e9es par une succession d&rsquo;arcanes majeurs.<\/p>\n\n\n\n<p>La documentation de la symbolique des r\u00e9sidences et des arcanes r\u00e9sident est accessible en cliquant sur la r\u00e9sidence ou sur le nom ou l&rsquo;image de l&rsquo;arcane.<\/p>\n\n\n\n<p>Par d\u00e9faut, la date calendaire courante est utilis\u00e9e pour le calcul de la Banni\u00e8re de Naissance.<\/p>\n\n\n\n<p>Lorsque vous indiquez une date de naissance, MyBanner calcule la r\u00e9sidence R8 (Com\u00e8te) pour cette date.<\/p>\n","protected":false},"excerpt":{"rendered":"<p>Entrer une date Calculer la Banni\u00e8re de Naissance MyBanner est l&rsquo;outil de calcul de la Banni\u00e8re de Naissance, une carte de votre ciel de naissance compos\u00e9e de 13 r\u00e9sidences, R1 \u00e0 R13. Chaque r\u00e9sidence est occup\u00e9e par un arcane majeur du Tarot de Marseille, d\u00e9termin\u00e9 par calcul. La r\u00e9sidence R8 (&nbsp;Com\u00e8te&nbsp;) est occup\u00e9e selon des [&hellip;]<\/p>\n","protected":false},"author":2,"featured_media":0,"parent":0,"menu_order":0,"comment_status":"closed","ping_status":"closed","template":"","meta":{"footnotes":""},"class_list":["post-203","page","type-page","status-publish","hentry"],"_links":{"self":[{"href":"https:\/\/blasondenaissance.fr\/blog\/wp-json\/wp\/v2\/pages\/203","targetHints":{"allow":["GET"]}}],"collection":[{"href":"https:\/\/blasondenaissance.fr\/blog\/wp-json\/wp\/v2\/pages"}],"about":[{"href":"https:\/\/blasondenaissance.fr\/blog\/wp-json\/wp\/v2\/types\/page"}],"author":[{"embeddable":true,"href":"https:\/\/blasondenaissance.fr\/blog\/wp-json\/wp\/v2\/users\/2"}],"replies":[{"embeddable":true,"href":"https:\/\/blasondenaissance.fr\/blog\/wp-json\/wp\/v2\/comments?post=203"}],"version-history":[{"count":2,"href":"https:\/\/blasondenaissance.fr\/blog\/wp-json\/wp\/v2\/pages\/203\/revisions"}],"predecessor-version":[{"id":3292,"href":"https:\/\/blasondenaissance.fr\/blog\/wp-json\/wp\/v2\/pages\/203\/revisions\/3292"}],"wp:attachment":[{"href":"https:\/\/blasondenaissance.fr\/blog\/wp-json\/wp\/v2\/media?parent=203"}],"curies":[{"name":"wp","href":"https:\/\/api.w.org\/{rel}","templated":true}]}}